der when x is divided by 30/4 + 2/(-4)?
4
Let j = 959 + -951. What is the remainder when 43 is divided by j?
3
Suppose -303 - 446 = 7*y. Let l = y - -140. Calculate the remainder when 228 is divided by l.
30
Let i = 448 - 358. Calculate the remainder when i is divided by 19.
14
What is the remainder when (4/6)/(2/66) is divided by 1/(-12) + (-2501)/(-492)?
2
Suppose 3*x - 3*s = 2*x + 8, 0 = -5*x - s + 40. What is the remainder when 2/(-11) + (-1)/((-22)/598) is divided by x?
3
Let t(i) = 5*i + 22. Let s be t(-10). Let d = s + 86. Calculate the remainder when d is divided by 21.
16
Suppose -5 = 6*o - 353. Let t = o + -50. What is the remainder when t is divided by 6?
2
Let u(s) = 23*s**2 + 13*s + 16. Calculate the remainder when u(-2) is divided by 29.
24
Let d be (3 - (4 + -2))*-1. Let o = d - -8. Suppose 3*g + o - 100 = 0. What is the remainder when g is divided by 16?
15
Suppose 0 = -6*s - 42 - 18. Calculate the remainder when (1 - (-26)/s)/(8/(-420)) is divided by 17.
16
Suppose -5*f - 240 = -9*f. Suppose -x - 4*x + 180 = 5*w, -3*w + 78 = -3*x. What is the remainder when (0 - (-1 - f)) + 0 is divided by w?
30
Suppose -62 = -3*c + 331. Let a = c + 89. Suppose -2*p + 194 = 4*u - 0*p, 5*u - 5*p = a. Calculate the remainder when u is divided by 8.
7
Let p = 16 + -8. Suppose -5*w + 19 = f, -4*f = 5*w - 38 - p. Calculate the remainder when 16 is divided by f/((-2 - -3)*1).
7
Suppose 0 = 3*f - 4*q - 50, 0*f = 4*f + 2*q - 96. Let k = -71 + 179. Calculate the remainder when k is divided by f.
20
Suppose -x - 5*n + 7 = 0, x - 14 = -x + 5*n. Let k = 14329 - 14283. Calculate the remainder when k is divided by x.
4
Suppose 0 = -14*y + 3586 + 4016. Calculate the remainder when y is divided by 32.
31
What is the remainder when 6*((-244)/(-10))/(6/5) is divided by 48/(3 + 3/(-2))?
26
Let c(f) = -f**2 + 30*f - 47. What is the remainder when c(26) is divided by 16?
9
Suppose -4*b - 21 = -3*z, -z + b = 2*z - 12. What is the remainder when ((-3)/(-5))/((-6)/(-30)) is divided by z?
0
Let m(k) = -2*k - 9*k + 20*k**2 - 21*k**2 + 13. What is the remainder when 7 is divided by m(-12)?
0
Suppose 11*r - 7 = 4*r. Calculate the remainder when (-29)/((-3)/(-3))*(r + -2) is divided by 12.
5
Suppose 0*t = -t + 2*u - 1, u - 39 = -5*t. Let x = -27 + 62. Suppose 0 = -6*h + x + 121. Calculate the remainder when h is divided by t.
5
Let j = 41 + -39. Suppose j*p + 14 - 54 = -4*b, -67 = -5*p + b. What is the remainder when p is divided by 5?
4
What is the remainder when 7384/82 + 298/(-6109) is divided by 22?
2
Let w be -2*1/4*0. Suppose -5*v + w*v = 30. Let b = 7 + v. What is the remainder when 2 is divided by b?
0
Suppose a = -h + 13, -6*a + 2*a + 17 = -3*h. Let x(c) = c**2 - 4*c - 1. What is the remainder when x(-4) is divided by a?
7
Suppose 0 = -2*a - i + 69, -5*a - 4*i + 93 + 72 = 0. What is the remainder when 182 is divided by a?
34
Let p(y) = y**2. Let l be p(-1). Let a(n) = -n**2 + 25*n**3 + 19*n**3 - 2*n**3 + 1 + 2*n**3. What is the remainder when a(l) is divided by 12?
8
Let j(v) = v**3 - 18*v**2 + 21*v - 34. What is the remainder when j(17) is divided by 13?
8
Let f(t) = -3*t**2 - t. Let o be f(-1). Calculate the remainder when (-1986)/(-45) - 2/15 is divided by 465/20 + o/8.
21
Suppose 0*y - 5*g - 33 = -y, 4*y - 36 = -4*g. Suppose 5*b - 25 + 10 = 0. What is the remainder when y is divided by b?
1
Suppose 3*c = -5*t + 290, -2*t + 4*c + 100 = 2*c. Let n(f) = -140*f - 13. Let s be n(1). Let d = -134 - s. What is the remainder when t is divided by d?
17
Suppose -4 - 36 = -4*g. Let c(d) = -23*d + 446. What is the remainder when c(17) is divided by g?
5
Suppose -611*h - 268 = -615*h. What is the remainder when h is divided by 16?
3
Let y(c) = -c**2 + 12*c - 6. Calculate the remainder when y(8) is divided by 2/6*(-3 - -45).
12
Let v(y) = y**2 - 12*y - 89. Let m be v(-7). Suppose 4*n = 12, -2*i - 2*n = -7 - 57. Let q = m - i. Calculate the remainder when 59 is divided by q.
14
Suppose 5*r = -3*f + 44, -2*r + 22 = -5*f - 8. Suppose r = -a - 4*w - 0*w, -2*a - 5*w = 8. Suppose -b = -a - 5. What is the remainder when 43 is divided by b?
10
Suppose 7*x + 148 = 22. Let u = -2 + 5. Calculate the remainder when 37 is divided by (52/(-24))/(u/x).
11
Let b = 13 - 11. Suppose 7*d = b*d. Suppose -4*a + 3*l + d*l + 109 = 0, 3*l = 2*a - 47. What is the remainder when a is divided by 8?
7
Suppose 11 = 3*o - 46. Let s(w) = w + 1. Let y(f) = -f**2 + 4*f + 4. Let t be y(4). What is the remainder when o is divided by s(t)?
4
Let x(c) = 2*c**3 - 6*c**2 - c + 3. Let a(o) = -2*o - 5. Let f be a(-5). Calculate the remainder when x(f) is divided by (4/(-6))/((-885)/(-297) + -3).
32
Suppose -y - 3*m + 16 = 0, -3*m - 2 = 10. Let c = y + -17. Calculate the remainder when 52 is divided by c.
8
Let l be 3 + -1*(-1 + 1). Let m(h) = 4*h - 4 + 0*h + 2*h. What is the remainder when 24 is divided by m(l)?
10
Let i(s) = s**3 - s**2 - 12*s + 2. Let w(f) = f**2 + f + 4. Let n be w(4). Suppose 0 = b - 5*b + n. What is the remainder when b is divided by i(-3)?
0
Suppose -z + 3 = -49. Let u(d) = -3*d**3 + 31*d**2 - 7*d - 9. Calculate the remainder when z is divided by u(10).
10
Suppose -2*i + 28 = 2*i. What is the remainder when 265 is divided by i?
6
Let a = 5 - -13. Suppose a = -4*v + v. Let g = 51 + v. What is the remainder when g is divided by 16?
13
Let t = -15 - -20. Suppose 4*c = u - 34, t*c = -u - 3*u + 178. Let a(w) = -9*w - 3. Calculate the remainder when u is divided by a(-2).
12
Suppose -4*i - p = -446, 4*p - 130 - 211 = -3*i. Let k(s) = -3*s - 7. Calculate the remainder when i is divided by k(-15).
35
Let h(m) = m**2 - 2*m - 4. Let x be h(4). Suppose -6 = -x*o + 2. Let s(j) = -j + 1. Calculate the remainder when s(-3) is divided by o.
0
Suppose 0 = -3*y + 2*p + 27 + 55, -4*p = -3*y + 92. Calculate the remainder when 134 is divided by y.
14
Let d be 22/33 - (-7)/3. Suppose -120 = -j - 4*j. Calculate the remainder when ((-30)/(-20))/(d/92) is divided by j.
22
Let y = -337 - -350. Calculate the remainder when y is divided by 12.
1
Suppose -142 = 2*g - 292. Let l = 87 - g. What is the remainder when 129 is divided by l?
9
Calculate the remainder when (-5)/(140/(-6223)) - 3/(-4) is divided by 18.
7
Suppose -3*j - 2*y = 2*j - 368, 12 = 3*y. Suppose 7*q - 117 = j. Calculate the remainder when 78 is divided by q.
24
Let k be 3/(-4 + 302/74). Suppose -2*g - 39 - 15 = 2*j, -5*j - 4*g = 134. Let m = k - j. Calculate the remainder when m is divided by 16.
15
Let f(o) = -o**2 - 15*o + 140. Calculate the remainder when 120 is divided by f(-19).
56
Let l = 30 + -3. Calculate the remainder when l is divided by (-6)/(-18) - 132/(-9).
12
Suppose 5*i = -4*p + 151, 4*i - 104 = -0*p + p. Let b = 52 - i. Calculate the remainder when b is divided by ((-52)/4)/(-1)*1.
12
Let w(l) = -166*l - 664. What is the remainder when w(-5) is divided by 33?
1
Let a(g) = -33*g - 3. Let w be a(1). Let l = 58 + w. Calculate the remainder when l is divided by 9.
4
What is the remainder when (2 - 0) + (-20)/(-3)*9 is divided by 28?
6
What is the remainder when 57/19 - -150*1 is divided by 50?
3
Suppose 0 = -4*s + 7*s - 3*r - 96, s - 36 = -3*r. Calculate the remainder when 253 is divided by s.
22
Let q be (60/8)/((-2)/4). Let f be (-5)/(q/6) - 3. Calculate the remainder when 26 is divided by 0 + f + 0 - -15.
12
Let g be 1 + (1 - (3 + -3)). Suppose 2*t - g*v = 6*t - 36, 5*t - 19 = 4*v. Suppose -5*x + 17 = 2. Calculate the remainder when t is divided by x.
1
Suppose 0 = 10*t - 12*t + 98. Suppose 0 = -4*n + 90 + 14. What is the remainder when t is divided by n?
23
Let g(q) = -13*q + 13. Let v be g(-7). Suppose -m + v = -5*n, n + 247 = 2*m + 4*n. What is the remainder when m is divided by 30?
29
Let d = -829 - -889. What is the remainder when d is divided by 4?
0
Let d = 363 - 326. Let s = 2 - -5. Calculate the remainder when d is divided by s.
2
Let s(o) = 0*o**2 - o + 5*o**2 + 2 - o**3 - 3*o**2 - o**2. Let d be s(2). What is the remainder when 56 is divided by (5 + d)*3 + 17?
16
Let o = 1217 + -977. Calculate the remainder when o is divided by 22.
20
Suppose 109 = 3*r + 4*k - 0*k, -82 = -2*r + 2*k. Calculate the remainder when (-7)/(((-3)/(-33))/(-1)) is divided by r.
38
Let z(v) = -23*v**3 + v**2. Suppose a - 126 = -2*a. Suppose x + a =